CRAN Package Check Results for Package idendr0

Last updated on 2020-12-04 00:48:24 CET.

Flavor Version Tinstall Tcheck Ttotal Status Flags
r-devel-linux-x86_64-debian-clang 1.5.3 5.64 41.74 47.38 NOTE
r-devel-linux-x86_64-debian-gcc 1.5.3 5.12 35.40 40.52 NOTE
r-devel-linux-x86_64-fedora-clang 1.5.3 67.77 NOTE
r-devel-linux-x86_64-fedora-gcc 1.5.3 54.44 NOTE
r-devel-windows-ix86+x86_64 1.5.3 9.00 41.00 50.00 OK
r-patched-linux-x86_64 1.5.3 5.72 39.87 45.59 NOTE
r-patched-solaris-x86 1.5.3 72.30 NOTE
r-release-linux-x86_64 1.5.3 6.57 37.39 43.96 NOTE
r-release-macos-x86_64 1.5.3 NOTE
r-release-windows-ix86+x86_64 1.5.3 8.00 55.00 63.00 OK
r-oldrel-macos-x86_64 1.5.3 NOTE
r-oldrel-windows-ix86+x86_64 1.5.3 6.00 50.00 56.00 OK

Check Details

Version: 1.5.3
Check: package dependencies
Result: NOTE
    Package suggested but not available for checking: 'rggobi'
Flavors: r-devel-linux-x86_64-debian-clang, r-devel-linux-x86_64-debian-gcc, r-devel-linux-x86_64-fedora-clang, r-devel-linux-x86_64-fedora-gcc, r-patched-linux-x86_64, r-patched-solaris-x86, r-release-linux-x86_64, r-release-macos-x86_64, r-oldrel-macos-x86_64