CRAN Package Check Results for Package icesTAF

Last updated on 2020-12-04 00:48:24 CET.

Flavor Version Tinstall Tcheck Ttotal Status Flags
r-devel-linux-x86_64-debian-clang 3.6.0 5.33 49.09 54.42 OK
r-devel-linux-x86_64-debian-gcc 3.6.0 5.68 40.16 45.84 OK
r-devel-linux-x86_64-fedora-clang 3.6.0 71.53 NOTE
r-devel-linux-x86_64-fedora-gcc 3.6.0 63.66 OK
r-devel-windows-ix86+x86_64 3.6.0 13.00 62.00 75.00 OK
r-patched-linux-x86_64 3.6.0 5.37 48.77 54.14 OK
r-patched-solaris-x86 3.6.0 89.50 OK
r-release-linux-x86_64 3.6.0 6.30 46.32 52.62 OK
r-release-macos-x86_64 3.6.0 OK
r-release-windows-ix86+x86_64 3.6.0 9.00 79.00 88.00 OK
r-oldrel-macos-x86_64 3.6.0 OK
r-oldrel-windows-ix86+x86_64 3.6.0 9.00 71.00 80.00 OK

Check Details

Version: 3.6.0
Check: Rd cross-references
Result: NOTE
    Undeclared package ‘icesAdvice’ in Rd xrefs
Flavor: r-devel-linux-x86_64-fedora-clang