Last updated on 2020-12-04 00:48:24 CET.
Flavor | Version | Tinstall | Tcheck | Ttotal | Status | Flags |
---|---|---|---|---|---|---|
r-devel-linux-x86_64-debian-clang | 2.0.15 | 80.63 | 163.42 | 244.05 | OK | |
r-devel-linux-x86_64-debian-gcc | 2.0.15 | 57.89 | 122.85 | 180.74 | OK | |
r-devel-linux-x86_64-fedora-clang | 2.0.15 | 309.67 | NOTE | |||
r-devel-linux-x86_64-fedora-gcc | 2.0.15 | 299.90 | OK | |||
r-devel-windows-ix86+x86_64 | 2.0.15 | 151.00 | 316.00 | 467.00 | OK | |
r-patched-linux-x86_64 | 2.0.15 | 61.31 | 163.84 | 225.15 | OK | |
r-patched-solaris-x86 | 2.0.15 | 386.20 | OK | |||
r-release-linux-x86_64 | 2.0.15 | 62.87 | 162.09 | 224.96 | OK | |
r-release-macos-x86_64 | 2.0.15 | NOTE | ||||
r-release-windows-ix86+x86_64 | 2.0.15 | 103.00 | 342.00 | 445.00 | OK | |
r-oldrel-macos-x86_64 | 2.0.15 | NOTE | ||||
r-oldrel-windows-ix86+x86_64 | 2.0.15 | 104.00 | 329.00 | 433.00 | OK |
Version: 2.0.15
Check: installed package size
Result: NOTE
installed size is 15.5Mb
sub-directories of 1Mb or more:
libs 14.1Mb
Flavors: r-devel-linux-x86_64-fedora-clang, r-release-macos-x86_64, r-oldrel-macos-x86_64