Last updated on 2020-12-04 00:48:24 CET.
Flavor | Version | Tinstall | Tcheck | Ttotal | Status | Flags |
---|---|---|---|---|---|---|
r-devel-linux-x86_64-debian-clang | 1.0 | 3.66 | 28.77 | 32.43 | OK | |
r-devel-linux-x86_64-debian-gcc | 1.0 | 3.12 | 22.34 | 25.46 | OK | |
r-devel-linux-x86_64-fedora-clang | 1.0 | 43.55 | NOTE | |||
r-devel-linux-x86_64-fedora-gcc | 1.0 | 33.27 | NOTE | |||
r-devel-windows-ix86+x86_64 | 1.0 | 6.00 | 35.00 | 41.00 | OK | |
r-patched-linux-x86_64 | 1.0 | 3.61 | 26.77 | 30.38 | OK | |
r-patched-solaris-x86 | 1.0 | 52.20 | NOTE | |||
r-release-linux-x86_64 | 1.0 | 3.70 | 27.26 | 30.96 | OK | |
r-release-macos-x86_64 | 1.0 | NOTE | ||||
r-release-windows-ix86+x86_64 | 1.0 | 5.00 | 46.00 | 51.00 | OK | |
r-oldrel-macos-x86_64 | 1.0 | NOTE | ||||
r-oldrel-windows-ix86+x86_64 | 1.0 | 4.00 | 40.00 | 44.00 | OK |
Version: 1.0
Check: dependencies in R code
Result: NOTE
Namespaces in Imports field not imported from:
‘colorRamps’ ‘virtualspecies’
All declared Imports should be used.
Flavors: r-devel-linux-x86_64-fedora-clang, r-devel-linux-x86_64-fedora-gcc, r-patched-solaris-x86, r-release-macos-x86_64, r-oldrel-macos-x86_64