CRAN Package Check Results for Package iNZightTS

Last updated on 2020-12-04 00:48:24 CET.

Flavor Version Tinstall Tcheck Ttotal Status Flags
r-devel-linux-x86_64-debian-clang 1.5.7 6.63 99.03 105.66 OK
r-devel-linux-x86_64-debian-gcc 1.5.7 6.21 74.25 80.46 OK
r-devel-linux-x86_64-fedora-clang 1.5.7 132.17 NOTE
r-devel-linux-x86_64-fedora-gcc 1.5.7 121.72 NOTE
r-devel-windows-ix86+x86_64 1.5.7 12.00 95.00 107.00 OK
r-patched-linux-x86_64 1.5.7 5.52 93.10 98.62 OK
r-patched-solaris-x86 1.5.7 149.30 NOTE
r-release-linux-x86_64 1.5.7 7.41 90.58 97.99 OK
r-release-macos-x86_64 1.5.7 NOTE
r-release-windows-ix86+x86_64 1.5.7 11.00 92.00 103.00 OK
r-oldrel-macos-x86_64 1.5.7 NOTE
r-oldrel-windows-ix86+x86_64 1.5.7 21.00 128.00 149.00 OK

Check Details

Version: 1.5.7
Check: dependencies in R code
Result: NOTE
    Namespace in Imports field not imported from: ‘egg’
     All declared Imports should be used.
Flavors: r-devel-linux-x86_64-fedora-clang, r-devel-linux-x86_64-fedora-gcc, r-patched-solaris-x86, r-release-macos-x86_64, r-oldrel-macos-x86_64