CRAN Package Check Results for Package iNZightRegression

Last updated on 2020-12-04 00:48:24 CET.

Flavor Version Tinstall Tcheck Ttotal Status Flags
r-devel-linux-x86_64-debian-clang 1.3.0 16.44 147.27 163.71 OK
r-devel-linux-x86_64-debian-gcc 1.3.0 14.74 111.36 126.10 OK
r-devel-linux-x86_64-fedora-clang 1.3.0 201.39 NOTE
r-devel-linux-x86_64-fedora-gcc 1.3.0 193.14 NOTE
r-devel-windows-ix86+x86_64 1.3.0 34.00 136.00 170.00 OK
r-patched-linux-x86_64 1.3.0 17.26 134.82 152.08 OK
r-patched-solaris-x86 1.3.0 257.10 NOTE
r-release-linux-x86_64 1.3.0 15.93 122.34 138.27 OK
r-release-macos-x86_64 1.3.0 NOTE
r-release-windows-ix86+x86_64 1.3.0 28.00 135.00 163.00 OK
r-oldrel-macos-x86_64 1.3.0 NOTE
r-oldrel-windows-ix86+x86_64 1.3.0 22.00 134.00 156.00 OK

Check Details

Version: 1.3.0
Check: dependencies in R code
Result: NOTE
    Namespaces in Imports field not imported from:
     ‘iNZightTools’ ‘magrittr’
     All declared Imports should be used.
Flavors: r-devel-linux-x86_64-fedora-clang, r-devel-linux-x86_64-fedora-gcc, r-patched-solaris-x86, r-release-macos-x86_64, r-oldrel-macos-x86_64