CRAN Package Check Results for Package iNZightMR

Last updated on 2020-12-04 00:48:24 CET.

Flavor Version Tinstall Tcheck Ttotal Status Flags
r-devel-linux-x86_64-debian-clang 2.2.5 4.91 44.63 49.54 OK
r-devel-linux-x86_64-debian-gcc 2.2.5 3.61 35.40 39.01 OK
r-devel-linux-x86_64-fedora-clang 2.2.5 63.92 OK
r-devel-linux-x86_64-fedora-gcc 2.2.5 54.93 OK
r-devel-windows-ix86+x86_64 2.2.5 8.00 50.00 58.00 OK
r-patched-linux-x86_64 2.2.5 5.49 41.49 46.98 OK
r-patched-solaris-x86 2.2.5 80.00 OK
r-release-linux-x86_64 2.2.5 4.50 40.76 45.26 OK
r-release-macos-x86_64 2.2.5 NOTE
r-release-windows-ix86+x86_64 2.2.5 7.00 48.00 55.00 OK
r-oldrel-macos-x86_64 2.2.5 NOTE
r-oldrel-windows-ix86+x86_64 2.2.5 6.00 59.00 65.00 OK

Check Details

Version: 2.2.5
Check: package dependencies
Result: NOTE
    Package suggested but not available for checking: ‘iNZightPlots’
Flavors: r-release-macos-x86_64, r-oldrel-macos-x86_64