CRAN Package Check Results for Package iBATCGH

Last updated on 2020-12-04 00:48:24 CET.

Flavor Version Tinstall Tcheck Ttotal Status Flags
r-devel-linux-x86_64-debian-clang 1.3.1 341.17 69.02 410.19 OK
r-devel-linux-x86_64-debian-gcc 1.3.1 207.53 55.62 263.15 OK
r-devel-linux-x86_64-fedora-clang 1.3.1 582.54 NOTE
r-devel-linux-x86_64-fedora-gcc 1.3.1 511.03 NOTE
r-devel-windows-ix86+x86_64 1.3.1 793.00 123.00 916.00 NOTE
r-patched-linux-x86_64 1.3.1 254.39 65.73 320.12 OK
r-patched-solaris-x86 1.3.1 432.40 OK
r-release-linux-x86_64 1.3.1 252.87 65.87 318.74 OK
r-release-macos-x86_64 1.3.1 NOTE
r-release-windows-ix86+x86_64 1.3.1 595.00 136.00 731.00 NOTE
r-oldrel-macos-x86_64 1.3.1 NOTE
r-oldrel-windows-ix86+x86_64 1.3.1 615.00 122.00 737.00 NOTE

Check Details

Version: 1.3.1
Check: installed package size
Result: NOTE
     installed size is 9.3Mb
     sub-directories of 1Mb or more:
     data 3.0Mb
     libs 6.2Mb
Flavors: r-devel-linux-x86_64-fedora-clang, r-devel-windows-ix86+x86_64, r-release-macos-x86_64, r-release-windows-ix86+x86_64, r-oldrel-macos-x86_64, r-oldrel-windows-ix86+x86_64

Version: 1.3.1
Check: compiled code
Result: NOTE
    File ‘iBATCGH/libs/iBATCGH.so’:
     Found no calls to: ‘R_registerRoutines’, ‘R_useDynamicSymbols’
    
    It is good practice to register native routines and to disable symbol
    search.
    
    See ‘Writing portable packages’ in the ‘Writing R Extensions’ manual.
Flavors: r-devel-linux-x86_64-fedora-clang, r-devel-linux-x86_64-fedora-gcc