Last updated on 2020-12-04 00:48:24 CET.
Flavor | Version | Tinstall | Tcheck | Ttotal | Status | Flags |
---|---|---|---|---|---|---|
r-devel-linux-x86_64-debian-clang | 1.3.4.1 | 77.32 | 132.35 | 209.67 | OK | |
r-devel-linux-x86_64-debian-gcc | 1.3.4.1 | 52.04 | 105.45 | 157.49 | OK | |
r-devel-linux-x86_64-fedora-clang | 1.3.4.1 | 276.67 | NOTE | |||
r-devel-linux-x86_64-fedora-gcc | 1.3.4.1 | 251.85 | OK | |||
r-devel-windows-ix86+x86_64 | 1.3.4.1 | 171.00 | 249.00 | 420.00 | OK | |
r-patched-linux-x86_64 | 1.3.4.1 | 62.51 | 125.49 | 188.00 | OK | |
r-patched-solaris-x86 | 1.3.4.1 | 286.90 | OK | |||
r-release-linux-x86_64 | 1.3.4.1 | 62.62 | 124.69 | 187.31 | OK | |
r-release-macos-x86_64 | 1.3.4.1 | NOTE | ||||
r-release-windows-ix86+x86_64 | 1.3.4.1 | 127.00 | 257.00 | 384.00 | OK | |
r-oldrel-macos-x86_64 | 1.3.4.1 | NOTE | ||||
r-oldrel-windows-ix86+x86_64 | 1.3.4.1 | 125.00 | 235.00 | 360.00 | OK |
Version: 1.3.4.1
Check: installed package size
Result: NOTE
installed size is 9.4Mb
sub-directories of 1Mb or more:
libs 8.0Mb
Flavors: r-devel-linux-x86_64-fedora-clang, r-release-macos-x86_64, r-oldrel-macos-x86_64