Last updated on 2020-12-04 00:48:23 CET.
Flavor | Version | Tinstall | Tcheck | Ttotal | Status | Flags |
---|---|---|---|---|---|---|
r-devel-linux-x86_64-debian-clang | 1.2-6 | 4.58 | 55.77 | 60.35 | NOTE | |
r-devel-linux-x86_64-debian-gcc | 1.2-6 | 4.04 | 43.31 | 47.35 | NOTE | |
r-devel-linux-x86_64-fedora-clang | 1.2-6 | 78.50 | NOTE | |||
r-devel-linux-x86_64-fedora-gcc | 1.2-6 | 75.12 | NOTE | |||
r-devel-windows-ix86+x86_64 | 1.2-6 | 8.00 | 71.00 | 79.00 | NOTE | |
r-patched-linux-x86_64 | 1.2-6 | 4.22 | 52.24 | 56.46 | NOTE | |
r-patched-solaris-x86 | 1.2-6 | 96.30 | NOTE | |||
r-release-linux-x86_64 | 1.2-6 | 4.71 | 51.32 | 56.03 | NOTE | |
r-release-macos-x86_64 | 1.2-6 | NOTE | ||||
r-release-windows-ix86+x86_64 | 1.2-6 | 7.00 | 79.00 | 86.00 | NOTE | |
r-oldrel-macos-x86_64 | 1.2-6 | NOTE | ||||
r-oldrel-windows-ix86+x86_64 | 1.2-6 | 5.00 | 69.00 | 74.00 | NOTE |
Version: 1.2-6
Check: package dependencies
Result: NOTE
Package suggested but not available for checking: 'glmmADMB'
Flavors: r-devel-linux-x86_64-debian-clang, r-devel-linux-x86_64-debian-gcc, r-devel-linux-x86_64-fedora-clang, r-devel-linux-x86_64-fedora-gcc, r-devel-windows-ix86+x86_64, r-patched-linux-x86_64, r-patched-solaris-x86, r-release-linux-x86_64, r-release-macos-x86_64, r-release-windows-ix86+x86_64, r-oldrel-macos-x86_64, r-oldrel-windows-ix86+x86_64