CRAN Package Check Results for Package hilbertSimilarity

Last updated on 2020-12-04 00:48:23 CET.

Flavor Version Tinstall Tcheck Ttotal Status Flags
r-devel-linux-x86_64-debian-clang 0.4.3 19.10 196.82 215.92 OK
r-devel-linux-x86_64-debian-gcc 0.4.3 12.26 139.38 151.64 OK
r-devel-linux-x86_64-fedora-clang 0.4.3 262.35 OK
r-devel-linux-x86_64-fedora-gcc 0.4.3 251.22 OK
r-devel-windows-ix86+x86_64 0.4.3 46.00 249.00 295.00 OK
r-patched-linux-x86_64 0.4.3 15.68 185.74 201.42 OK
r-patched-solaris-x86 0.4.3 260.60 WARN
r-release-linux-x86_64 0.4.3 15.68 188.21 203.89 OK
r-release-macos-x86_64 0.4.3 OK
r-release-windows-ix86+x86_64 0.4.3 38.00 194.00 232.00 OK
r-oldrel-macos-x86_64 0.4.3 OK
r-oldrel-windows-ix86+x86_64 0.4.3 33.00 258.00 291.00 OK

Check Details

Version: 0.4.3
Check: whether package can be installed
Result: WARN
    Found the following significant warnings:
     mapping.cpp:95:58: warning: ISO C++ says that these are ambiguous, even though the worst conversion for the first is better than the worst conversion for the second:
Flavor: r-patched-solaris-x86