Last updated on 2020-12-04 00:48:23 CET.
Flavor | Version | Tinstall | Tcheck | Ttotal | Status | Flags |
---|---|---|---|---|---|---|
r-devel-linux-x86_64-debian-clang | 0.5.0 | 69.25 | 29.57 | 98.82 | OK | |
r-devel-linux-x86_64-debian-gcc | 0.5.0 | 45.41 | 25.92 | 71.33 | OK | |
r-devel-linux-x86_64-fedora-clang | 0.5.0 | 171.92 | NOTE | |||
r-devel-linux-x86_64-fedora-gcc | 0.5.0 | 130.92 | OK | |||
r-devel-windows-ix86+x86_64 | 0.5.0 | 168.00 | 65.00 | 233.00 | OK | |
r-patched-linux-x86_64 | 0.5.0 | 60.00 | 26.55 | 86.55 | OK | |
r-patched-solaris-x86 | 0.5.0 | 177.00 | OK | |||
r-release-linux-x86_64 | 0.5.0 | 61.67 | 27.17 | 88.84 | OK | |
r-release-macos-x86_64 | 0.5.0 | NOTE | ||||
r-release-windows-ix86+x86_64 | 0.5.0 | 141.00 | 51.00 | 192.00 | OK | |
r-oldrel-macos-x86_64 | 0.5.0 | NOTE | ||||
r-oldrel-windows-ix86+x86_64 | 0.5.0 | 185.00 | 70.00 | 255.00 | OK |
Version: 0.5.0
Check: installed package size
Result: NOTE
installed size is 9.5Mb
sub-directories of 1Mb or more:
highlight 1.1Mb
libs 8.2Mb
Flavors: r-devel-linux-x86_64-fedora-clang, r-release-macos-x86_64, r-oldrel-macos-x86_64