Last updated on 2020-12-04 00:48:23 CET.
Flavor | Version | Tinstall | Tcheck | Ttotal | Status | Flags |
---|---|---|---|---|---|---|
r-devel-linux-x86_64-debian-clang | 0.7.0.1 | 98.21 | 168.39 | 266.60 | OK | |
r-devel-linux-x86_64-debian-gcc | 0.7.0.1 | 70.09 | 125.20 | 195.29 | OK | |
r-devel-linux-x86_64-fedora-clang | 0.7.0.1 | 335.17 | NOTE | |||
r-devel-linux-x86_64-fedora-gcc | 0.7.0.1 | 313.70 | OK | |||
r-devel-windows-ix86+x86_64 | 0.7.0.1 | 220.00 | 254.00 | 474.00 | NOTE | |
r-patched-linux-x86_64 | 0.7.0.1 | 82.15 | 146.53 | 228.68 | OK | |
r-patched-solaris-x86 | 0.7.0.1 | 335.00 | NOTE | |||
r-release-linux-x86_64 | 0.7.0.1 | 79.84 | 148.86 | 228.70 | OK | |
r-release-macos-x86_64 | 0.7.0.1 | NOTE | ||||
r-release-windows-ix86+x86_64 | 0.7.0.1 | 164.00 | 194.00 | 358.00 | NOTE | |
r-oldrel-macos-x86_64 | 0.7.0.1 | NOTE | ||||
r-oldrel-windows-ix86+x86_64 | 0.7.0.1 | 170.00 | 248.00 | 418.00 | NOTE |
Version: 0.7.0.1
Check: installed package size
Result: NOTE
installed size is 7.3Mb
sub-directories of 1Mb or more:
data 3.9Mb
libs 2.5Mb
Flavors: r-devel-linux-x86_64-fedora-clang, r-devel-windows-ix86+x86_64, r-patched-solaris-x86, r-release-macos-x86_64, r-release-windows-ix86+x86_64, r-oldrel-macos-x86_64, r-oldrel-windows-ix86+x86_64