Last updated on 2020-12-04 00:48:23 CET.
Flavor | Version | Tinstall | Tcheck | Ttotal | Status | Flags |
---|---|---|---|---|---|---|
r-devel-linux-x86_64-debian-clang | 3.0 | 15.80 | 108.67 | 124.47 | OK | |
r-devel-linux-x86_64-debian-gcc | 3.0 | 14.23 | 82.23 | 96.46 | OK | |
r-devel-linux-x86_64-fedora-clang | 3.0 | 151.61 | NOTE | |||
r-devel-linux-x86_64-fedora-gcc | 3.0 | 154.82 | NOTE | |||
r-devel-windows-ix86+x86_64 | 3.0 | 33.00 | 113.00 | 146.00 | OK | |
r-patched-linux-x86_64 | 3.0 | 15.32 | 97.83 | 113.15 | OK | |
r-patched-solaris-x86 | 3.0 | 196.60 | NOTE | |||
r-release-linux-x86_64 | 3.0 | 14.63 | 96.43 | 111.06 | OK | |
r-release-macos-x86_64 | 3.0 | NOTE | ||||
r-release-windows-ix86+x86_64 | 3.0 | 25.00 | 93.00 | 118.00 | OK | |
r-oldrel-macos-x86_64 | 3.0 | NOTE | ||||
r-oldrel-windows-ix86+x86_64 | 3.0 | 31.00 | 117.00 | 148.00 | OK |
Version: 3.0
Check: dependencies in R code
Result: NOTE
Namespace in Imports field not imported from: ‘MCMCpack’
All declared Imports should be used.
Flavors: r-devel-linux-x86_64-fedora-clang, r-devel-linux-x86_64-fedora-gcc, r-patched-solaris-x86, r-release-macos-x86_64, r-oldrel-macos-x86_64