Last updated on 2020-12-04 00:48:23 CET.
Flavor | Version | Tinstall | Tcheck | Ttotal | Status | Flags |
---|---|---|---|---|---|---|
r-devel-linux-x86_64-debian-clang | 0.4.1 | 346.83 | 382.34 | 729.17 | OK | |
r-devel-linux-x86_64-debian-gcc | 0.4.1 | 264.07 | 271.15 | 535.22 | OK | |
r-devel-linux-x86_64-fedora-clang | 0.4.1 | 925.33 | NOTE | |||
r-devel-linux-x86_64-fedora-gcc | 0.4.1 | 936.18 | NOTE | |||
r-devel-windows-ix86+x86_64 | 0.4.1 | 793.00 | 502.00 | 1295.00 | NOTE | |
r-patched-linux-x86_64 | 0.4.1 | 302.28 | 337.82 | 640.10 | OK | |
r-patched-solaris-x86 | 0.4.1 | 995.10 | NOTE | |||
r-release-linux-x86_64 | 0.4.1 | 301.76 | 336.47 | 638.23 | OK | |
r-release-macos-x86_64 | 0.4.1 | NOTE | ||||
r-release-windows-ix86+x86_64 | 0.4.1 | 608.00 | 455.00 | 1063.00 | NOTE | |
r-oldrel-macos-x86_64 | 0.4.1 | NOTE | ||||
r-oldrel-windows-ix86+x86_64 | 0.4.1 | 616.00 | 547.00 | 1163.00 | NOTE |
Version: 0.4.1
Check: installed package size
Result: NOTE
installed size is 28.9Mb
sub-directories of 1Mb or more:
doc 2.1Mb
libs 25.4Mb
Flavors: r-devel-linux-x86_64-fedora-clang, r-devel-windows-ix86+x86_64, r-patched-solaris-x86, r-release-macos-x86_64, r-release-windows-ix86+x86_64, r-oldrel-macos-x86_64, r-oldrel-windows-ix86+x86_64
Version: 0.4.1
Check: dependencies in R code
Result: NOTE
Namespace in Imports field not imported from: ‘R6’
All declared Imports should be used.
Flavors: r-devel-linux-x86_64-fedora-clang, r-devel-linux-x86_64-fedora-gcc, r-patched-solaris-x86, r-release-macos-x86_64, r-oldrel-macos-x86_64