CRAN Package Check Results for Package helsinki

Last updated on 2020-12-04 00:48:23 CET.

Flavor Version Tinstall Tcheck Ttotal Status Flags
r-devel-linux-x86_64-debian-clang 0.9.29 4.35 47.09 51.44 OK
r-devel-linux-x86_64-debian-gcc 0.9.29 3.80 40.24 44.04 OK
r-devel-linux-x86_64-fedora-clang 0.9.29 70.52 NOTE
r-devel-linux-x86_64-fedora-gcc 0.9.29 64.23 NOTE
r-devel-windows-ix86+x86_64 0.9.29 17.00 84.00 101.00 OK
r-patched-linux-x86_64 0.9.29 4.78 46.87 51.65 OK
r-patched-solaris-x86 0.9.29 99.90 NOTE
r-release-linux-x86_64 0.9.29 4.97 46.61 51.58 OK
r-release-macos-x86_64 0.9.29 NOTE
r-release-windows-ix86+x86_64 0.9.29 14.00 115.00 129.00 OK
r-oldrel-macos-x86_64 0.9.29 NOTE
r-oldrel-windows-ix86+x86_64 0.9.29 12.00 106.00 118.00 OK

Check Details

Version: 0.9.29
Check: data for non-ASCII characters
Result: NOTE
     Note: found 37185 marked UTF-8 strings
Flavors: r-devel-linux-x86_64-fedora-clang, r-devel-linux-x86_64-fedora-gcc, r-patched-solaris-x86, r-release-macos-x86_64, r-oldrel-macos-x86_64