CRAN Package Check Results for Package helda

Last updated on 2020-12-04 00:48:23 CET.

Flavor Version Tinstall Tcheck Ttotal Status Flags
r-devel-linux-x86_64-debian-clang 1.1.3 7.88 70.63 78.51 OK
r-devel-linux-x86_64-debian-gcc 1.1.3 6.46 52.81 59.27 OK
r-devel-linux-x86_64-fedora-clang 1.1.3 98.65 NOTE
r-devel-linux-x86_64-fedora-gcc 1.1.3 91.19 NOTE
r-devel-windows-ix86+x86_64 1.1.3 16.00 68.00 84.00 OK
r-patched-linux-x86_64 1.1.3 8.08 64.96 73.04 OK
r-patched-solaris-x86 1.1.3 127.90 NOTE
r-release-linux-x86_64 1.1.3 7.90 66.21 74.11 OK
r-release-macos-x86_64 1.1.3 NOTE
r-release-windows-ix86+x86_64 1.1.3 14.00 65.00 79.00 OK
r-oldrel-macos-x86_64 1.1.3 NOTE
r-oldrel-windows-ix86+x86_64 1.1.3 14.00 88.00 102.00 OK

Check Details

Version: 1.1.3
Check: data for non-ASCII characters
Result: NOTE
     Note: found 1 marked UTF-8 string
Flavors: r-devel-linux-x86_64-fedora-clang, r-devel-linux-x86_64-fedora-gcc, r-patched-solaris-x86, r-release-macos-x86_64, r-oldrel-macos-x86_64