CRAN Package Check Results for Package heddlr

Last updated on 2020-12-04 00:48:23 CET.

Flavor Version Tinstall Tcheck Ttotal Status Flags
r-devel-linux-x86_64-debian-clang 0.6.0 2.45 31.08 33.53 OK
r-devel-linux-x86_64-debian-gcc 0.6.0 2.11 25.04 27.15 OK
r-devel-linux-x86_64-fedora-clang 0.6.0 51.72 NOTE
r-devel-linux-x86_64-fedora-gcc 0.6.0 40.64 OK
r-devel-windows-ix86+x86_64 0.6.0 5.00 35.00 40.00 OK
r-patched-linux-x86_64 0.6.0 2.73 29.58 32.31 OK
r-patched-solaris-x86 0.6.0 54.20 OK
r-release-linux-x86_64 0.6.0 2.63 30.19 32.82 OK
r-release-macos-x86_64 0.6.0 OK
r-release-windows-ix86+x86_64 0.6.0 5.00 35.00 40.00 OK
r-oldrel-macos-x86_64 0.6.0 OK
r-oldrel-windows-ix86+x86_64 0.6.0 4.00 47.00 51.00 OK

Check Details

Version: 0.6.0
Check: Rd cross-references
Result: NOTE
    Undeclared package ‘tibble’ in Rd xrefs
Flavor: r-devel-linux-x86_64-fedora-clang