Last updated on 2020-12-04 00:48:23 CET.
Flavor | Version | Tinstall | Tcheck | Ttotal | Status | Flags |
---|---|---|---|---|---|---|
r-devel-linux-x86_64-debian-clang | 1.3.1 | 10.89 | 97.70 | 108.59 | OK | |
r-devel-linux-x86_64-debian-gcc | 1.3.1 | 8.53 | 75.90 | 84.43 | OK | |
r-devel-linux-x86_64-fedora-clang | 1.3.1 | 141.46 | NOTE | |||
r-devel-linux-x86_64-fedora-gcc | 1.3.1 | 134.56 | NOTE | |||
r-devel-windows-ix86+x86_64 | 1.3.1 | 23.00 | 126.00 | 149.00 | OK | |
r-patched-linux-x86_64 | 1.3.1 | 11.30 | 94.34 | 105.64 | OK | |
r-patched-solaris-x86 | 1.3.1 | 184.60 | OK | |||
r-release-linux-x86_64 | 1.3.1 | 9.61 | 91.71 | 101.32 | OK | |
r-release-macos-x86_64 | 1.3.1 | OK | ||||
r-release-windows-ix86+x86_64 | 1.3.1 | 19.00 | 165.00 | 184.00 | OK | |
r-oldrel-macos-x86_64 | 1.3.1 | OK | ||||
r-oldrel-windows-ix86+x86_64 | 1.3.1 | 18.00 | 148.00 | 166.00 | OK |
Version: 1.3.1
Check: compiled code
Result: NOTE
File ‘hdlm/libs/hdlm.so’:
Found no calls to: ‘R_registerRoutines’, ‘R_useDynamicSymbols’
It is good practice to register native routines and to disable symbol
search.
See ‘Writing portable packages’ in the ‘Writing R Extensions’ manual.
Flavors: r-devel-linux-x86_64-fedora-clang, r-devel-linux-x86_64-fedora-gcc