Last updated on 2020-12-04 00:48:23 CET.
Flavor | Version | Tinstall | Tcheck | Ttotal | Status | Flags |
---|---|---|---|---|---|---|
r-devel-linux-x86_64-debian-clang | 1.1.2 | 2.99 | 168.20 | 171.19 | OK | |
r-devel-linux-x86_64-debian-gcc | 1.1.2 | 2.73 | 133.20 | 135.93 | OK | |
r-devel-linux-x86_64-fedora-clang | 1.1.2 | 202.25 | OK | |||
r-devel-linux-x86_64-fedora-gcc | 1.1.2 | 206.94 | OK | |||
r-devel-windows-ix86+x86_64 | 1.1.2 | 6.00 | 185.00 | 191.00 | OK | |
r-patched-linux-x86_64 | 1.1.2 | 3.26 | 165.54 | 168.80 | OK | |
r-patched-solaris-x86 | 1.1.2 | 616.90 | OK | |||
r-release-linux-x86_64 | 1.1.2 | 2.98 | 166.01 | 168.99 | OK | |
r-release-macos-x86_64 | 1.1.2 | OK | ||||
r-release-windows-ix86+x86_64 | 1.1.2 | 10.00 | 158.00 | 168.00 | OK | |
r-oldrel-macos-x86_64 | 1.1.2 | ERROR | ||||
r-oldrel-windows-ix86+x86_64 | 1.1.2 | 4.00 | 204.00 | 208.00 | OK |
Version: 1.1.2
Check: tests
Result: ERROR
Running ‘testthat.R’ [89s/89s]
Running the tests in ‘tests/testthat.R’ failed.
Last 13 lines of output:
Del[1,3] 1.6452 0.437 0.762 1.368 1.6466 1.9426 2.487 1.00 600
Del[2,3] 0.9082 0.810 -0.650 0.361 0.9218 1.4739 2.420 1.02 76
Del[3,3] 0.0454 0.373 -0.702 -0.189 0.0398 0.2900 0.783 1.00 640
Del[4,3] -0.6387 0.595 -1.790 -1.038 -0.6515 -0.2574 0.551 1.01 200
Del[5,3] -0.9018 0.404 -1.704 -1.163 -0.9020 -0.6206 -0.137 1.01 1200
Del[6,3] -1.0743 0.678 -2.371 -1.544 -1.0778 -0.6191 0.187 1.00 410
Del[7,3] 0.8921 0.399 0.115 0.624 0.8844 1.1684 1.669 1.02 66
Del[8,3] 0.7501 0.568 -0.393 0.380 0.7388 1.1214 1.874 1.01 110
deviance 546.3476 40.052 490.302 525.784 543.9091 561.9607 612.321 1.01 160
══ testthat results ═══════════════════════════════════════════════════════════
FAILURE (test-hbbrFit.R:7:3): running test for hbbrFit
[ FAIL 1 | WARN 0 | SKIP 0 | PASS 3 ]
Error: Test failures
Execution halted
Flavor: r-oldrel-macos-x86_64