Last updated on 2020-12-04 00:48:23 CET.
Flavor | Version | Tinstall | Tcheck | Ttotal | Status | Flags |
---|---|---|---|---|---|---|
r-devel-linux-x86_64-debian-clang | 0.0-4 | 37.43 | 26.85 | 64.28 | OK | |
r-devel-linux-x86_64-debian-gcc | 0.0-4 | 24.90 | 20.67 | 45.57 | OK | |
r-devel-linux-x86_64-fedora-clang | 0.0-4 | 90.80 | NOTE | |||
r-devel-linux-x86_64-fedora-gcc | 0.0-4 | 79.78 | NOTE | |||
r-devel-windows-ix86+x86_64 | 0.0-4 | 86.00 | 66.00 | 152.00 | OK | |
r-patched-linux-x86_64 | 0.0-4 | 29.70 | 24.22 | 53.92 | OK | |
r-patched-solaris-x86 | 0.0-4 | 78.90 | OK | |||
r-release-linux-x86_64 | 0.0-4 | 28.80 | 26.52 | 55.32 | OK | |
r-release-macos-x86_64 | 0.0-4 | OK | ||||
r-release-windows-ix86+x86_64 | 0.0-4 | 65.00 | 66.00 | 131.00 | OK | |
r-oldrel-macos-x86_64 | 0.0-4 | OK | ||||
r-oldrel-windows-ix86+x86_64 | 0.0-4 | 65.00 | 58.00 | 123.00 | OK |
Version: 0.0-4
Check: compiled code
Result: NOTE
File ‘hawkes/libs/hawkes.so’:
Found no calls to: ‘R_registerRoutines’, ‘R_useDynamicSymbols’
It is good practice to register native routines and to disable symbol
search.
See ‘Writing portable packages’ in the ‘Writing R Extensions’ manual.
Flavors: r-devel-linux-x86_64-fedora-clang, r-devel-linux-x86_64-fedora-gcc