Last updated on 2020-12-04 00:48:23 CET.
Flavor | Version | Tinstall | Tcheck | Ttotal | Status | Flags |
---|---|---|---|---|---|---|
r-devel-linux-x86_64-debian-clang | 2.3.1 | 58.81 | 51.02 | 109.83 | NOTE | |
r-devel-linux-x86_64-debian-gcc | 2.3.1 | 39.08 | 41.51 | 80.59 | NOTE | |
r-devel-linux-x86_64-fedora-clang | 2.3.1 | 147.69 | NOTE | |||
r-devel-linux-x86_64-fedora-gcc | 2.3.1 | 136.22 | NOTE | |||
r-devel-windows-ix86+x86_64 | 2.3.1 | 144.00 | 105.00 | 249.00 | NOTE | |
r-patched-linux-x86_64 | 2.3.1 | 45.13 | 50.23 | 95.36 | NOTE | |
r-patched-solaris-x86 | 2.3.1 | 142.60 | NOTE | |||
r-release-linux-x86_64 | 2.3.1 | 44.75 | 50.79 | 95.54 | NOTE | |
r-release-macos-x86_64 | 2.3.1 | NOTE | ||||
r-release-windows-ix86+x86_64 | 2.3.1 | 118.00 | 83.00 | 201.00 | NOTE | |
r-oldrel-macos-x86_64 | 2.3.1 | NOTE | ||||
r-oldrel-windows-ix86+x86_64 | 2.3.1 | 121.00 | 99.00 | 220.00 | NOTE |
Version: 2.3.1
Check: for GNU extensions in Makefiles
Result: NOTE
GNU make is a SystemRequirements.
Flavors: r-devel-linux-x86_64-debian-clang, r-devel-linux-x86_64-debian-gcc, r-devel-linux-x86_64-fedora-clang, r-devel-linux-x86_64-fedora-gcc, r-devel-windows-ix86+x86_64, r-patched-linux-x86_64, r-patched-solaris-x86, r-release-linux-x86_64, r-release-macos-x86_64, r-release-windows-ix86+x86_64, r-oldrel-macos-x86_64, r-oldrel-windows-ix86+x86_64
Version: 2.3.1
Check: Rd cross-references
Result: NOTE
Undeclared package ‘dplyr’ in Rd xrefs
Flavor: r-devel-linux-x86_64-fedora-clang