CRAN Package Check Results for Package handlr

Last updated on 2020-12-04 00:48:23 CET.

Flavor Version Tinstall Tcheck Ttotal Status Flags
r-devel-linux-x86_64-debian-clang 0.3.0 6.50 41.30 47.80 OK
r-devel-linux-x86_64-debian-gcc 0.3.0 4.26 34.84 39.10 OK
r-devel-linux-x86_64-fedora-clang 0.3.0 60.62 NOTE
r-devel-linux-x86_64-fedora-gcc 0.3.0 52.87 OK
r-devel-windows-ix86+x86_64 0.3.0 11.00 43.00 54.00 OK
r-patched-linux-x86_64 0.3.0 5.54 38.27 43.81 OK
r-patched-solaris-x86 0.3.0 77.80 OK
r-release-linux-x86_64 0.3.0 6.27 37.80 44.07 OK
r-release-macos-x86_64 0.3.0 OK
r-release-windows-ix86+x86_64 0.3.0 9.00 47.00 56.00 OK
r-oldrel-macos-x86_64 0.3.0 OK
r-oldrel-windows-ix86+x86_64 0.3.0 8.00 57.00 65.00 OK

Check Details

Version: 0.3.0
Check: package dependencies
Result: NOTE
    Suggests orphaned package: ‘bibtex’
Flavor: r-devel-linux-x86_64-fedora-clang