CRAN Package Check Results for Package hablar

Last updated on 2020-12-04 00:48:23 CET.

Flavor Version Tinstall Tcheck Ttotal Status Flags
r-devel-linux-x86_64-debian-clang 0.3.0 5.58 57.31 62.89 OK
r-devel-linux-x86_64-debian-gcc 0.3.0 4.82 45.95 50.77 OK
r-devel-linux-x86_64-fedora-clang 0.3.0 78.83 OK
r-devel-linux-x86_64-fedora-gcc 0.3.0 71.45 OK
r-devel-windows-ix86+x86_64 0.3.0 11.00 60.00 71.00 OK
r-patched-linux-x86_64 0.3.0 5.01 56.58 61.59 OK
r-patched-solaris-x86 0.3.0 95.60 WARN
r-release-linux-x86_64 0.3.0 4.70 56.56 61.26 OK
r-release-macos-x86_64 0.3.0 WARN
r-release-windows-ix86+x86_64 0.3.0 9.00 59.00 68.00 OK
r-oldrel-macos-x86_64 0.3.0 WARN
r-oldrel-windows-ix86+x86_64 0.3.0 7.00 73.00 80.00 OK

Check Details

Version: 0.3.0
Check: re-building of vignette outputs
Result: WARN
    Error(s) in re-building vignettes:
     ...
    --- re-building ‘convert.Rmd’ using rmarkdown
    Warning in engine$weave(file, quiet = quiet, encoding = enc) :
     Pandoc (>= 1.12.3) and/or pandoc-citeproc not available. Falling back to R Markdown v1.
    --- finished re-building ‘convert.Rmd’
    
    --- re-building ‘hablar.Rmd’ using rmarkdown
    Warning in engine$weave(file, quiet = quiet, encoding = enc) :
     Pandoc (>= 1.12.3) and/or pandoc-citeproc not available. Falling back to R Markdown v1.
    --- finished re-building ‘hablar.Rmd’
    
    --- re-building ‘retype.Rmd’ using rmarkdown
    Warning in engine$weave(file, quiet = quiet, encoding = enc) :
     Pandoc (>= 1.12.3) and/or pandoc-citeproc not available. Falling back to R Markdown v1.
    Quitting from lines 95-107 (retype.Rmd)
    Error: processing vignette 'retype.Rmd' failed with diagnostics:
    cannot open the connection
    --- failed re-building ‘retype.Rmd’
    
    --- re-building ‘s.Rmd’ using rmarkdown
    Warning in engine$weave(file, quiet = quiet, encoding = enc) :
     Pandoc (>= 1.12.3) and/or pandoc-citeproc not available. Falling back to R Markdown v1.
    Warning in max(sold_sodas, na.rm = T) :
     no non-missing arguments to max; returning -Inf
    Warning in max(x) : no non-missing arguments to max; returning -Inf
    Warning in max(height[species == "Human"]) :
     no non-missing arguments to max; returning -Inf
    Warning in max(height[species == "Human"]) :
     no non-missing arguments to max; returning -Inf
    Warning in max(height[species == "Human"]) :
     no non-missing arguments to max; returning -Inf
    Warning in max(height[species == "Human"]) :
     no non-missing arguments to max; returning -Inf
    Warning in max(height[species == "Human"]) :
     no non-missing arguments to max; returning -Inf
    Warning in max(height[species == "Human"]) :
     no non-missing arguments to max; returning -Inf
    Warning in max(height[species == "Human"]) :
     no non-missing arguments to max; returning -Inf
    Warning in max(height[species == "Human"]) :
     no non-missing arguments to max; returning -Inf
    Warning in max(height[species == "Human"]) :
     no non-missing arguments to max; returning -Inf
    Warning in max(height[species == "Human"]) :
     no non-missing arguments to max; returning -Inf
    Warning in max(height[species == "Human"]) :
     no non-missing arguments to max; returning -Inf
    Warning in max(height[species == "Human"]) :
     no non-missing arguments to max; returning -Inf
    Warning in max(height[species == "Human"]) :
     no non-missing arguments to max; returning -Inf
    Warning in max(height[species == "Human"]) :
     no non-missing arguments to max; returning -Inf
    Warning in max(height[species == "Human"]) :
     no non-missing arguments to max; returning -Inf
    Warning in max(height[species == "Human"]) :
     no non-missing arguments to max; returning -Inf
    Warning in max(height[species == "Human"]) :
     no non-missing arguments to max; returning -Inf
    Warning in max(height[species == "Human"]) :
     no non-missing arguments to max; returning -Inf
    Warning in max(height[species == "Human"]) :
     no non-missing arguments to max; returning -Inf
    Warning in max(height[species == "Human"]) :
     no non-missing arguments to max; returning -Inf
    Warning in max(height[species == "Human"]) :
     no non-missing arguments to max; returning -Inf
    Warning in max(height[species == "Human"]) :
     no non-missing arguments to max; returning -Inf
    Warning in max(height[species == "Human"]) :
     no non-missing arguments to max; returning -Inf
    Warning in max(height[species == "Human"]) :
     no non-missing arguments to max; returning -Inf
    Warning in max(height[species == "Human"]) :
     no non-missing arguments to max; returning -Inf
    Warning in max(height[species == "Human"]) :
     no non-missing arguments to max; returning -Inf
    Warning in max(height[species == "Human"]) :
     no non-missing arguments to max; returning -Inf
    Warning in max(height[species == "Human"]) :
     no non-missing arguments to max; returning -Inf
    Warning in max(height[species == "Human"]) :
     no non-missing arguments to max; returning -Inf
    Warning in max(height[species == "Human"]) :
     no non-missing arguments to max; returning -Inf
    Warning in max(height[species == "Human"]) :
     no non-missing arguments to max; returning -Inf
    Warning in max(height[species == "Human"]) :
     no non-missing arguments to max; returning -Inf
    --- finished re-building ‘s.Rmd’
    
    SUMMARY: processing the following file failed:
     ‘retype.Rmd’
    
    Error: Vignette re-building failed.
    Execution halted
Flavor: r-patched-solaris-x86

Version: 0.3.0
Check: re-building of vignette outputs
Result: WARN
    Error(s) in re-building vignettes:
    --- re-building ‘convert.Rmd’ using rmarkdown
    Warning in engine$weave(file, quiet = quiet, encoding = enc) :
     Pandoc (>= 1.12.3) and/or pandoc-citeproc not available. Falling back to R Markdown v1.
    --- finished re-building ‘convert.Rmd’
    
    --- re-building ‘hablar.Rmd’ using rmarkdown
    Warning in engine$weave(file, quiet = quiet, encoding = enc) :
     Pandoc (>= 1.12.3) and/or pandoc-citeproc not available. Falling back to R Markdown v1.
    --- finished re-building ‘hablar.Rmd’
    
    --- re-building ‘retype.Rmd’ using rmarkdown
    Warning in engine$weave(file, quiet = quiet, encoding = enc) :
     Pandoc (>= 1.12.3) and/or pandoc-citeproc not available. Falling back to R Markdown v1.
    Quitting from lines 95-107 (retype.Rmd)
    Error: processing vignette 'retype.Rmd' failed with diagnostics:
    cannot open the connection
    --- failed re-building ‘retype.Rmd’
    
    --- re-building ‘s.Rmd’ using rmarkdown
    Warning in engine$weave(file, quiet = quiet, encoding = enc) :
     Pandoc (>= 1.12.3) and/or pandoc-citeproc not available. Falling back to R Markdown v1.
    Warning in max(sold_sodas, na.rm = T) :
     no non-missing arguments to max; returning -Inf
    Warning in max(x) : no non-missing arguments to max; returning -Inf
    Warning in max(height[species == "Human"]) :
     no non-missing arguments to max; returning -Inf
    Warning in max(height[species == "Human"]) :
     no non-missing arguments to max; returning -Inf
    Warning in max(height[species == "Human"]) :
     no non-missing arguments to max; returning -Inf
    Warning in max(height[species == "Human"]) :
     no non-missing arguments to max; returning -Inf
    Warning in max(height[species == "Human"]) :
     no non-missing arguments to max; returning -Inf
    Warning in max(height[species == "Human"]) :
     no non-missing arguments to max; returning -Inf
    Warning in max(height[species == "Human"]) :
     no non-missing arguments to max; returning -Inf
    Warning in max(height[species == "Human"]) :
     no non-missing arguments to max; returning -Inf
    Warning in max(height[species == "Human"]) :
     no non-missing arguments to max; returning -Inf
    Warning in max(height[species == "Human"]) :
     no non-missing arguments to max; returning -Inf
    Warning in max(height[species == "Human"]) :
     no non-missing arguments to max; returning -Inf
    Warning in max(height[species == "Human"]) :
     no non-missing arguments to max; returning -Inf
    Warning in max(height[species == "Human"]) :
     no non-missing arguments to max; returning -Inf
    Warning in max(height[species == "Human"]) :
     no non-missing arguments to max; returning -Inf
    Warning in max(height[species == "Human"]) :
     no non-missing arguments to max; returning -Inf
    Warning in max(height[species == "Human"]) :
     no non-missing arguments to max; returning -Inf
    Warning in max(height[species == "Human"]) :
     no non-missing arguments to max; returning -Inf
    Warning in max(height[species == "Human"]) :
     no non-missing arguments to max; returning -Inf
    Warning in max(height[species == "Human"]) :
     no non-missing arguments to max; returning -Inf
    Warning in max(height[species == "Human"]) :
     no non-missing arguments to max; returning -Inf
    Warning in max(height[species == "Human"]) :
     no non-missing arguments to max; returning -Inf
    Warning in max(height[species == "Human"]) :
     no non-missing arguments to max; returning -Inf
    Warning in max(height[species == "Human"]) :
     no non-missing arguments to max; returning -Inf
    Warning in max(height[species == "Human"]) :
     no non-missing arguments to max; returning -Inf
    Warning in max(height[species == "Human"]) :
     no non-missing arguments to max; returning -Inf
    Warning in max(height[species == "Human"]) :
     no non-missing arguments to max; returning -Inf
    Warning in max(height[species == "Human"]) :
     no non-missing arguments to max; returning -Inf
    Warning in max(height[species == "Human"]) :
     no non-missing arguments to max; returning -Inf
    Warning in max(height[species == "Human"]) :
     no non-missing arguments to max; returning -Inf
    Warning in max(height[species == "Human"]) :
     no non-missing arguments to max; returning -Inf
    Warning in max(height[species == "Human"]) :
     no non-missing arguments to max; returning -Inf
    Warning in max(height[species == "Human"]) :
     no non-missing arguments to max; returning -Inf
    --- finished re-building ‘s.Rmd’
    
    SUMMARY: processing the following file failed:
     ‘retype.Rmd’
    
    Error: Vignette re-building failed.
    Execution halted
Flavors: r-release-macos-x86_64, r-oldrel-macos-x86_64