Last updated on 2020-12-04 00:48:23 CET.
Flavor | Version | Tinstall | Tcheck | Ttotal | Status | Flags |
---|---|---|---|---|---|---|
r-devel-linux-x86_64-debian-clang | 2.1 | 17.98 | 202.95 | 220.93 | OK | |
r-devel-linux-x86_64-debian-gcc | 2.1 | 16.46 | 151.58 | 168.04 | OK | |
r-devel-linux-x86_64-fedora-clang | 2.1 | 271.17 | NOTE | |||
r-devel-linux-x86_64-fedora-gcc | 2.1 | 269.54 | NOTE | |||
r-devel-windows-ix86+x86_64 | 2.1 | 52.00 | 225.00 | 277.00 | OK | |
r-patched-linux-x86_64 | 2.1 | 18.46 | 188.45 | 206.91 | OK | |
r-patched-solaris-x86 | 2.1 | 359.30 | NOTE | |||
r-release-linux-x86_64 | 2.1 | 19.11 | 188.15 | 207.26 | OK | |
r-release-macos-x86_64 | 2.1 | NOTE | ||||
r-release-windows-ix86+x86_64 | 2.1 | 36.00 | 293.00 | 329.00 | OK | |
r-oldrel-macos-x86_64 | 2.1 | NOTE | ||||
r-oldrel-windows-ix86+x86_64 | 2.1 | 37.00 | 242.00 | 279.00 | OK |
Version: 2.1
Check: dependencies in R code
Result: NOTE
Namespace in Imports field not imported from: ‘Matrix’
All declared Imports should be used.
Flavors: r-devel-linux-x86_64-fedora-clang, r-devel-linux-x86_64-fedora-gcc, r-patched-solaris-x86, r-release-macos-x86_64, r-oldrel-macos-x86_64