CRAN Package Check Results for Package gutenbergr

Last updated on 2020-12-04 00:48:23 CET.

Flavor Version Tinstall Tcheck Ttotal Status Flags
r-devel-linux-x86_64-debian-clang 0.2.0 7.77 82.28 90.05 OK
r-devel-linux-x86_64-debian-gcc 0.2.0 6.63 62.10 68.73 OK
r-devel-linux-x86_64-fedora-clang 0.2.0 109.59 NOTE
r-devel-linux-x86_64-fedora-gcc 0.2.0 101.40 NOTE
r-devel-windows-ix86+x86_64 0.2.0 16.00 108.00 124.00 OK
r-patched-linux-x86_64 0.2.0 7.57 78.25 85.82 OK
r-patched-solaris-x86 0.2.0 142.90 NOTE
r-release-linux-x86_64 0.2.0 8.11 78.00 86.11 OK
r-release-macos-x86_64 0.2.0 NOTE
r-release-windows-ix86+x86_64 0.2.0 14.00 85.00 99.00 OK
r-oldrel-macos-x86_64 0.2.0 NOTE
r-oldrel-windows-ix86+x86_64 0.2.0 12.00 104.00 116.00 OK

Check Details

Version: 0.2.0
Check: data for non-ASCII characters
Result: NOTE
     Note: found 13617 marked UTF-8 strings
Flavors: r-devel-linux-x86_64-fedora-clang, r-devel-linux-x86_64-fedora-gcc, r-patched-solaris-x86, r-release-macos-x86_64, r-oldrel-macos-x86_64