Last updated on 2020-12-04 00:48:23 CET.
Flavor | Version | Tinstall | Tcheck | Ttotal | Status | Flags |
---|---|---|---|---|---|---|
r-devel-linux-x86_64-debian-clang | 2.0-6 | 24.29 | 197.03 | 221.32 | OK | |
r-devel-linux-x86_64-debian-gcc | 2.0-6 | 16.74 | 150.66 | 167.40 | OK | |
r-devel-linux-x86_64-fedora-clang | 2.0-6 | 268.89 | OK | |||
r-devel-linux-x86_64-fedora-gcc | 2.0-6 | 266.32 | OK | |||
r-devel-windows-ix86+x86_64 | 2.0-6 | 59.00 | 354.00 | 413.00 | OK | |
r-patched-linux-x86_64 | 2.0-6 | 19.85 | 187.87 | 207.72 | OK | |
r-patched-solaris-x86 | 2.0-6 | 388.60 | OK | |||
r-release-linux-x86_64 | 2.0-6 | 21.01 | 188.96 | 209.97 | OK | |
r-release-macos-x86_64 | 2.0-6 | NOTE | ||||
r-release-windows-ix86+x86_64 | 2.0-6 | 52.00 | 403.00 | 455.00 | OK | |
r-oldrel-macos-x86_64 | 2.0-6 | OK | ||||
r-oldrel-windows-ix86+x86_64 | 2.0-6 | 48.00 | 362.00 | 410.00 | OK |
Version: 2.0-6
Check: package dependencies
Result: NOTE
Package suggested but not available for checking: ‘fields’
Flavor: r-release-macos-x86_64