CRAN Package Check Results for Package gromovlab

Last updated on 2020-12-04 00:48:23 CET.

Flavor Version Tinstall Tcheck Ttotal Status Flags
r-devel-linux-x86_64-debian-clang 0.7-6 4.37 37.37 41.74 OK
r-devel-linux-x86_64-debian-gcc 0.7-6 3.34 30.51 33.85 OK
r-devel-linux-x86_64-fedora-clang 0.7-6 53.54 NOTE
r-devel-linux-x86_64-fedora-gcc 0.7-6 44.57 OK
r-devel-windows-ix86+x86_64 0.7-6 9.00 53.00 62.00 OK
r-patched-linux-x86_64 0.7-6 4.37 35.16 39.53 OK
r-patched-solaris-x86 0.7-6 71.80 OK
r-release-linux-x86_64 0.7-6 4.13 34.61 38.74 OK
r-release-macos-x86_64 0.7-6 OK
r-release-windows-ix86+x86_64 0.7-6 8.00 55.00 63.00 OK
r-oldrel-macos-x86_64 0.7-6 OK
r-oldrel-windows-ix86+x86_64 0.7-6 6.00 52.00 58.00 OK

Check Details

Version: 0.7-6
Check: Rd cross-references
Result: NOTE
    Undeclared package ‘phangorn’ in Rd xrefs
Flavor: r-devel-linux-x86_64-fedora-clang