CRAN Package Check Results for Package gripp

Last updated on 2020-12-04 00:48:23 CET.

Flavor Version Tinstall Tcheck Ttotal Status Flags
r-devel-linux-x86_64-debian-clang 0.2.20 4.62 37.14 41.76 OK
r-devel-linux-x86_64-debian-gcc 0.2.20 3.56 30.77 34.33 OK
r-devel-linux-x86_64-fedora-clang 0.2.20 54.26 NOTE
r-devel-linux-x86_64-fedora-gcc 0.2.20 46.42 NOTE
r-devel-windows-ix86+x86_64 0.2.20 9.00 54.00 63.00 OK
r-patched-linux-x86_64 0.2.20 4.14 36.14 40.28 OK
r-patched-solaris-x86 0.2.20 70.80 NOTE
r-release-linux-x86_64 0.2.20 4.16 36.70 40.86 OK
r-release-macos-x86_64 0.2.20 NOTE
r-release-windows-ix86+x86_64 0.2.20 7.00 45.00 52.00 OK
r-oldrel-macos-x86_64 0.2.20 NOTE
r-oldrel-windows-ix86+x86_64 0.2.20 6.00 55.00 61.00 OK

Check Details

Version: 0.2.20
Check: dependencies in R code
Result: NOTE
    Namespace in Imports field not imported from: ‘usethis’
     All declared Imports should be used.
Flavors: r-devel-linux-x86_64-fedora-clang, r-devel-linux-x86_64-fedora-gcc, r-patched-solaris-x86, r-release-macos-x86_64, r-oldrel-macos-x86_64