Last updated on 2020-12-04 00:48:23 CET.
Flavor | Version | Tinstall | Tcheck | Ttotal | Status | Flags |
---|---|---|---|---|---|---|
r-devel-linux-x86_64-debian-clang | 0.6.4 | 61.51 | 237.12 | 298.63 | OK | |
r-devel-linux-x86_64-debian-gcc | 0.6.4 | 46.54 | 157.40 | 203.94 | OK | |
r-devel-linux-x86_64-fedora-clang | 0.6.4 | 356.61 | OK | |||
r-devel-linux-x86_64-fedora-gcc | 0.6.4 | 370.09 | OK | |||
r-devel-windows-ix86+x86_64 | 0.6.4 | 118.00 | 317.00 | 435.00 | NOTE | |
r-patched-linux-x86_64 | 0.6.4 | 57.67 | 195.27 | 252.94 | OK | |
r-patched-solaris-x86 | 0.6.4 | 426.90 | OK | |||
r-release-linux-x86_64 | 0.6.4 | 53.86 | 217.88 | 271.74 | OK | |
r-release-macos-x86_64 | 0.6.4 | OK | ||||
r-release-windows-ix86+x86_64 | 0.6.3 | 92.00 | 267.00 | 359.00 | NOTE | |
r-oldrel-macos-x86_64 | 0.6.4 | OK | ||||
r-oldrel-windows-ix86+x86_64 | 0.6.4 | 94.00 | 276.00 | 370.00 | NOTE |
Version: 0.6.4
Check: package dependencies
Result: NOTE
Package suggested but not available for checking: 'doMC'
Flavors: r-devel-windows-ix86+x86_64, r-oldrel-windows-ix86+x86_64
Version: 0.6.4
Check: installed package size
Result: NOTE
installed size is 5.6Mb
sub-directories of 1Mb or more:
R 1.0Mb
doc 2.4Mb
libs 2.0Mb
Flavors: r-devel-windows-ix86+x86_64, r-oldrel-windows-ix86+x86_64
Version: 0.6.3
Check: package dependencies
Result: NOTE
Package suggested but not available for checking: 'doMC'
Flavor: r-release-windows-ix86+x86_64