Last updated on 2020-12-04 00:48:23 CET.
Flavor | Version | Tinstall | Tcheck | Ttotal | Status | Flags |
---|---|---|---|---|---|---|
r-devel-linux-x86_64-debian-clang | 0.7-2 | 18.08 | 119.32 | 137.40 | NOTE | |
r-devel-linux-x86_64-debian-gcc | 0.7-2 | 14.09 | 90.40 | 104.49 | NOTE | |
r-devel-linux-x86_64-fedora-clang | 0.7-2 | 168.85 | NOTE | |||
r-devel-linux-x86_64-fedora-gcc | 0.7-2 | 154.85 | NOTE | |||
r-devel-windows-ix86+x86_64 | 0.7-2 | 34.00 | 137.00 | 171.00 | NOTE | |
r-patched-linux-x86_64 | 0.7-2 | 11.09 | 109.36 | 120.45 | NOTE | |
r-patched-solaris-x86 | 0.7-2 | 221.70 | NOTE | |||
r-release-linux-x86_64 | 0.7-2 | 10.76 | 107.72 | 118.48 | NOTE | |
r-release-macos-x86_64 | 0.7-2 | NOTE | ||||
r-release-windows-ix86+x86_64 | 0.7-2 | 25.00 | 99.00 | 124.00 | NOTE | |
r-oldrel-macos-x86_64 | 0.7-2 | NOTE | ||||
r-oldrel-windows-ix86+x86_64 | 0.7-2 | 34.00 | 130.00 | 164.00 | NOTE |
Version: 0.7-2
Check: R code for possible problems
Result: NOTE
accrualReport: multiple local function definitions for 'gg' with
different formal arguments
Flavors: r-devel-linux-x86_64-debian-clang, r-devel-linux-x86_64-debian-gcc, r-devel-linux-x86_64-fedora-clang, r-devel-linux-x86_64-fedora-gcc, r-devel-windows-ix86+x86_64, r-patched-linux-x86_64, r-patched-solaris-x86, r-release-linux-x86_64, r-release-macos-x86_64, r-release-windows-ix86+x86_64, r-oldrel-macos-x86_64, r-oldrel-windows-ix86+x86_64