Last updated on 2020-12-04 00:48:23 CET.
Flavor | Version | Tinstall | Tcheck | Ttotal | Status | Flags |
---|---|---|---|---|---|---|
r-devel-linux-x86_64-debian-clang | 1.9.0.0 | 113.58 | 110.72 | 224.30 | NOTE | |
r-devel-linux-x86_64-debian-gcc | 1.9.0.0 | 67.08 | 82.61 | 149.69 | NOTE | |
r-devel-linux-x86_64-fedora-clang | 1.9.0.0 | 299.24 | NOTE | |||
r-devel-linux-x86_64-fedora-gcc | 1.9.0.0 | 253.38 | NOTE | |||
r-devel-windows-ix86+x86_64 | 1.9.0.0 | 242.00 | 186.00 | 428.00 | NOTE | |
r-patched-linux-x86_64 | 1.9.0.0 | 84.54 | 103.07 | 187.61 | NOTE | |
r-patched-solaris-x86 | 1.9.0.0 | 259.40 | NOTE | |||
r-release-linux-x86_64 | 1.9.0.0 | 82.91 | 102.04 | 184.95 | NOTE | |
r-release-macos-x86_64 | 1.9.0.0 | NOTE | ||||
r-release-windows-ix86+x86_64 | 1.9.0.0 | 182.00 | 139.00 | 321.00 | NOTE | |
r-oldrel-macos-x86_64 | 1.9.0.0 | NOTE | ||||
r-oldrel-windows-ix86+x86_64 | 1.9.0.0 | 204.00 | 175.00 | 379.00 | NOTE |
Version: 1.9.0.0
Check: package dependencies
Result: NOTE
Packages suggested but not available for checking:
'taxstats', 'taxstats1516'
Flavors: r-devel-linux-x86_64-debian-clang, r-devel-linux-x86_64-debian-gcc, r-devel-linux-x86_64-fedora-clang, r-devel-linux-x86_64-fedora-gcc, r-devel-windows-ix86+x86_64, r-patched-linux-x86_64, r-patched-solaris-x86, r-release-linux-x86_64, r-release-macos-x86_64, r-release-windows-ix86+x86_64, r-oldrel-macos-x86_64, r-oldrel-windows-ix86+x86_64