CRAN Package Check Results for Package grImport2

Last updated on 2020-12-04 00:48:23 CET.

Flavor Version Tinstall Tcheck Ttotal Status Flags
r-devel-linux-x86_64-debian-clang 0.2-0 6.41 57.69 64.10 OK
r-devel-linux-x86_64-debian-gcc 0.2-0 4.80 46.29 51.09 OK
r-devel-linux-x86_64-fedora-clang 0.2-0 81.81 OK
r-devel-linux-x86_64-fedora-gcc 0.2-0 72.27 OK
r-devel-windows-ix86+x86_64 0.2-0 9.00 76.00 85.00 OK
r-patched-linux-x86_64 0.2-0 5.93 55.35 61.28 OK
r-patched-solaris-x86 0.2-0 100.10 NOTE
r-release-linux-x86_64 0.2-0 6.27 55.89 62.16 OK
r-release-macos-x86_64 0.2-0 OK
r-release-windows-ix86+x86_64 0.2-0 9.00 81.00 90.00 OK
r-oldrel-macos-x86_64 0.2-0 OK
r-oldrel-windows-ix86+x86_64 0.2-0 7.00 73.00 80.00 OK

Check Details

Version: 0.2-0
Check: package dependencies
Result: NOTE
    Package suggested but not available for checking: ‘rsvg’
Flavor: r-patched-solaris-x86