Last updated on 2020-12-04 00:48:23 CET.
Flavor | Version | Tinstall | Tcheck | Ttotal | Status | Flags |
---|---|---|---|---|---|---|
r-devel-linux-x86_64-debian-clang | 1.2.2 | 4.52 | 28.06 | 32.58 | OK | |
r-devel-linux-x86_64-debian-gcc | 1.2.2 | 3.80 | 22.12 | 25.92 | OK | |
r-devel-linux-x86_64-fedora-clang | 1.2.2 | 45.46 | NOTE | |||
r-devel-linux-x86_64-fedora-gcc | 1.2.2 | 35.72 | NOTE | |||
r-devel-windows-ix86+x86_64 | 1.2.2 | 19.00 | 69.00 | 88.00 | OK | |
r-patched-linux-x86_64 | 1.2.2 | 4.33 | 26.73 | 31.06 | OK | |
r-release-linux-x86_64 | 1.2.2 | 4.13 | 26.71 | 30.84 | OK | |
r-release-macos-x86_64 | 1.2.2 | OK | ||||
r-release-windows-ix86+x86_64 | 1.2.2 | 17.00 | 75.00 | 92.00 | OK | |
r-oldrel-macos-x86_64 | 1.2.2 | OK | ||||
r-oldrel-windows-ix86+x86_64 | 1.2.2 | 15.00 | 72.00 | 87.00 | OK |
Version: 1.2.2
Check: top-level files
Result: NOTE
‘configure’: ‘env bash’ is not portable as bash need not be installed
Flavors: r-devel-linux-x86_64-fedora-clang, r-devel-linux-x86_64-fedora-gcc