Last updated on 2020-12-04 00:48:23 CET.
Flavor | Version | Tinstall | Tcheck | Ttotal | Status | Flags |
---|---|---|---|---|---|---|
r-devel-linux-x86_64-debian-clang | 0.2.0 | 8.25 | 57.85 | 66.10 | OK | |
r-devel-linux-x86_64-debian-gcc | 0.2.0 | 6.62 | 44.79 | 51.41 | OK | |
r-devel-linux-x86_64-fedora-clang | 0.2.0 | 83.91 | NOTE | |||
r-devel-linux-x86_64-fedora-gcc | 0.2.0 | 82.99 | OK | |||
r-devel-windows-ix86+x86_64 | 0.2.0 | 14.00 | 74.00 | 88.00 | OK | |
r-patched-linux-x86_64 | 0.2.0 | 7.46 | 54.40 | 61.86 | OK | |
r-patched-solaris-x86 | 0.2.0 | 99.70 | OK | |||
r-release-linux-x86_64 | 0.2.0 | 7.07 | 55.05 | 62.12 | OK | |
r-release-macos-x86_64 | 0.2.0 | OK | ||||
r-release-windows-ix86+x86_64 | 0.2.0 | 10.00 | 58.00 | 68.00 | OK | |
r-oldrel-macos-x86_64 | 0.2.0 | OK | ||||
r-oldrel-windows-ix86+x86_64 | 0.2.0 | 10.00 | 70.00 | 80.00 | OK |
Version: 0.2.0
Check: Rd cross-references
Result: NOTE
Undeclared package ‘jsonlite’ in Rd xrefs
Flavor: r-devel-linux-x86_64-fedora-clang