CRAN Package Check Results for Package globalOptTests

Last updated on 2020-12-04 00:48:23 CET.

Flavor Version Tinstall Tcheck Ttotal Status Flags
r-devel-linux-x86_64-debian-clang 1.1 3.27 22.48 25.75 NOTE
r-devel-linux-x86_64-debian-gcc 1.1 2.39 18.84 21.23 NOTE
r-devel-linux-x86_64-fedora-clang 1.1 35.47 NOTE
r-devel-linux-x86_64-fedora-gcc 1.1 25.92 NOTE
r-devel-windows-ix86+x86_64 1.1 8.00 37.00 45.00 NOTE
r-patched-linux-x86_64 1.1 3.00 20.53 23.53 NOTE
r-patched-solaris-x86 1.1 40.40 NOTE
r-release-linux-x86_64 1.1 3.08 21.07 24.15 NOTE
r-release-macos-x86_64 1.1 NOTE
r-release-windows-ix86+x86_64 1.1 7.00 29.00 36.00 NOTE
r-oldrel-macos-x86_64 1.1 NOTE
r-oldrel-windows-ix86+x86_64 1.1 8.00 48.00 56.00 NOTE

Check Details

Version: 1.1
Check: DESCRIPTION meta-information
Result: NOTE
    Malformed Description field: should contain one or more complete sentences.
Flavors: r-devel-linux-x86_64-debian-clang, r-devel-linux-x86_64-debian-gcc, r-devel-linux-x86_64-fedora-clang, r-devel-linux-x86_64-fedora-gcc, r-devel-windows-ix86+x86_64, r-patched-linux-x86_64, r-patched-solaris-x86, r-release-linux-x86_64, r-release-macos-x86_64, r-release-windows-ix86+x86_64, r-oldrel-macos-x86_64, r-oldrel-windows-ix86+x86_64

Version: 1.1
Check: compiled code
Result: NOTE
    File ‘globalOptTests/libs/globalOptTests.so’:
     Found no calls to: ‘R_registerRoutines’, ‘R_useDynamicSymbols’
    
    It is good practice to register native routines and to disable symbol
    search.
    
    See ‘Writing portable packages’ in the ‘Writing R Extensions’ manual.
Flavors: r-devel-linux-x86_64-fedora-clang, r-devel-linux-x86_64-fedora-gcc