Last updated on 2020-12-04 00:48:23 CET.
Flavor | Version | Tinstall | Tcheck | Ttotal | Status | Flags |
---|---|---|---|---|---|---|
r-devel-linux-x86_64-debian-clang | 1.1.6 | 7.83 | 125.93 | 133.76 | OK | |
r-devel-linux-x86_64-debian-gcc | 1.1.6 | 7.25 | 93.34 | 100.59 | OK | |
r-devel-linux-x86_64-fedora-clang | 1.1.6 | 160.66 | OK | |||
r-devel-linux-x86_64-fedora-gcc | 1.1.6 | 156.89 | OK | |||
r-devel-windows-ix86+x86_64 | 1.1.6 | 17.00 | 168.00 | 185.00 | OK | |
r-patched-linux-x86_64 | 1.1.6 | 8.60 | 119.19 | 127.79 | OK | |
r-patched-solaris-x86 | 1.1.6 | 292.20 | OK | |||
r-release-linux-x86_64 | 1.1.6 | 8.39 | 119.09 | 127.48 | OK | |
r-release-macos-x86_64 | 1.1.6 | OK | ||||
r-release-windows-ix86+x86_64 | 1.1.6 | 12.00 | 123.00 | 135.00 | OK | |
r-oldrel-macos-x86_64 | 1.1.6 | WARN | ||||
r-oldrel-windows-ix86+x86_64 | 1.1.6 | 12.00 | 159.00 | 171.00 | OK |
Version: 1.1.6
Check: re-building of vignette outputs
Result: WARN
Error(s) in re-building vignettes:
...
--- re-building ‘intro.rmd’ using rmarkdown
Warning in engine$weave(file, quiet = quiet, encoding = enc) :
Pandoc (>= 1.12.3) and/or pandoc-citeproc not available. Falling back to R Markdown v1.
trying URL 'https://web.stanford.edu/~hastie/glmnet/glmnetData/Leukemia.RData'
Quitting from lines 167-173 (intro.rmd)
Error: processing vignette 'intro.rmd' failed with diagnostics:
cannot open URL 'https://web.stanford.edu/~hastie/glmnet/glmnetData/Leukemia.RData'
--- failed re-building ‘intro.rmd’
SUMMARY: processing the following file failed:
‘intro.rmd’
Error: Vignette re-building failed.
Execution halted
Flavor: r-oldrel-macos-x86_64