Last updated on 2020-12-04 00:48:23 CET.
Flavor | Version | Tinstall | Tcheck | Ttotal | Status | Flags |
---|---|---|---|---|---|---|
r-devel-linux-x86_64-debian-clang | 0.1.4 | 186.93 | 125.89 | 312.82 | NOTE | |
r-devel-linux-x86_64-debian-gcc | 0.1.4 | 157.24 | 101.10 | 258.34 | NOTE | |
r-devel-linux-x86_64-fedora-clang | 0.1.4 | 396.35 | NOTE | |||
r-devel-linux-x86_64-fedora-gcc | 0.1.4 | 415.16 | NOTE | |||
r-devel-windows-ix86+x86_64 | 0.1.4 | 354.00 | 234.00 | 588.00 | NOTE | |
r-patched-linux-x86_64 | 0.1.4 | 125.26 | 126.27 | 251.53 | NOTE | |
r-patched-solaris-x86 | 0.1.4 | 415.00 | NOTE | |||
r-release-linux-x86_64 | 0.1.4 | 122.12 | 126.23 | 248.35 | NOTE | |
r-release-macos-x86_64 | 0.1.4 | NOTE | ||||
r-release-windows-ix86+x86_64 | 0.1.4 | 276.00 | 185.00 | 461.00 | NOTE | |
r-oldrel-macos-x86_64 | 0.1.4 | NOTE | ||||
r-oldrel-windows-ix86+x86_64 | 0.1.4 | 294.00 | 238.00 | 532.00 | NOTE |
Version: 0.1.4
Check: for GNU extensions in Makefiles
Result: NOTE
GNU make is a SystemRequirements.
Flavors: r-devel-linux-x86_64-debian-clang, r-devel-linux-x86_64-debian-gcc, r-devel-linux-x86_64-fedora-clang, r-devel-linux-x86_64-fedora-gcc, r-devel-windows-ix86+x86_64, r-patched-linux-x86_64, r-patched-solaris-x86, r-release-linux-x86_64, r-release-macos-x86_64, r-release-windows-ix86+x86_64, r-oldrel-macos-x86_64, r-oldrel-windows-ix86+x86_64
Version: 0.1.4
Check: installed package size
Result: NOTE
installed size is 47.7Mb
sub-directories of 1Mb or more:
libs 47.0Mb
Flavors: r-devel-linux-x86_64-fedora-clang, r-devel-windows-ix86+x86_64, r-release-macos-x86_64, r-release-windows-ix86+x86_64, r-oldrel-macos-x86_64, r-oldrel-windows-ix86+x86_64