Last updated on 2020-12-04 00:48:23 CET.
Flavor | Version | Tinstall | Tcheck | Ttotal | Status | Flags |
---|---|---|---|---|---|---|
r-devel-linux-x86_64-debian-clang | 1.5.1 | 37.11 | 149.90 | 187.01 | OK | |
r-devel-linux-x86_64-debian-gcc | 1.5.1 | 34.36 | 110.58 | 144.94 | OK | |
r-devel-linux-x86_64-fedora-clang | 1.5.1 | 236.19 | NOTE | |||
r-devel-linux-x86_64-fedora-gcc | 1.5.1 | 230.48 | OK | |||
r-devel-windows-ix86+x86_64 | 1.5.1 | 65.00 | 156.00 | 221.00 | OK | |
r-patched-linux-x86_64 | 1.5.1 | 35.74 | 134.65 | 170.39 | OK | |
r-patched-solaris-x86 | 1.5.1 | 264.20 | OK | |||
r-release-linux-x86_64 | 1.5.1 | 37.86 | 136.36 | 174.22 | OK | |
r-release-macos-x86_64 | 1.5.1 | OK | ||||
r-release-windows-ix86+x86_64 | 1.5.1 | 45.00 | 157.00 | 202.00 | OK | |
r-oldrel-macos-x86_64 | 1.5.1 | OK | ||||
r-oldrel-windows-ix86+x86_64 | 1.5.1 | 51.00 | 143.00 | 194.00 | OK |
Version: 1.5.1
Check: Rd cross-references
Result: NOTE
Undeclared package ‘GMMBoost’ in Rd xrefs
Flavor: r-devel-linux-x86_64-fedora-clang