Last updated on 2020-12-04 00:48:23 CET.
Flavor | Version | Tinstall | Tcheck | Ttotal | Status | Flags |
---|---|---|---|---|---|---|
r-devel-linux-x86_64-debian-clang | 1.2.2 | 159.39 | 461.66 | 621.05 | OK | |
r-devel-linux-x86_64-debian-gcc | 1.2.2 | 138.85 | 324.51 | 463.36 | OK | |
r-devel-linux-x86_64-fedora-clang | 1.2.2 | 772.98 | NOTE | |||
r-devel-linux-x86_64-fedora-gcc | 1.2.2 | 798.90 | OK | |||
r-devel-windows-ix86+x86_64 | 1.2.2 | 296.00 | 763.00 | 1059.00 | NOTE | |
r-patched-linux-x86_64 | 1.2.2 | 163.11 | 452.72 | 615.83 | OK | |
r-patched-solaris-x86 | 1.2.2 | 1142.10 | OK | |||
r-release-linux-x86_64 | 1.2.2 | 148.33 | 447.03 | 595.36 | OK | |
r-release-macos-x86_64 | 1.2.2 | NOTE | ||||
r-release-windows-ix86+x86_64 | 1.2.2 | 208.00 | 607.00 | 815.00 | NOTE | |
r-oldrel-macos-x86_64 | 1.2.2 | NOTE | ||||
r-oldrel-windows-ix86+x86_64 | 1.2.2 | 239.00 | 691.00 | 930.00 | NOTE |
Version: 1.2.2
Check: installed package size
Result: NOTE
installed size is 48.6Mb
sub-directories of 1Mb or more:
libs 47.4Mb
Flavors: r-devel-linux-x86_64-fedora-clang, r-devel-windows-ix86+x86_64, r-release-macos-x86_64, r-release-windows-ix86+x86_64, r-oldrel-macos-x86_64, r-oldrel-windows-ix86+x86_64