Last updated on 2020-12-04 00:48:23 CET.
Flavor | Version | Tinstall | Tcheck | Ttotal | Status | Flags |
---|---|---|---|---|---|---|
r-devel-linux-x86_64-debian-clang | 3.0 | 114.48 | 32.44 | 146.92 | OK | |
r-devel-linux-x86_64-debian-gcc | 3.0 | 79.64 | 126.00 | 205.64 | OK | |
r-devel-linux-x86_64-fedora-clang | 3.0 | 225.42 | NOTE | |||
r-devel-linux-x86_64-fedora-gcc | 3.0 | 175.60 | OK | |||
r-devel-windows-ix86+x86_64 | 3.0 | 192.00 | 81.00 | 273.00 | OK | |
r-patched-linux-x86_64 | 3.0 | 89.52 | 32.26 | 121.78 | OK | |
r-patched-solaris-x86 | 3.0 | 184.00 | OK | |||
r-release-linux-x86_64 | 3.0 | 93.42 | 31.71 | 125.13 | OK | |
r-release-macos-x86_64 | 3.0 | NOTE | ||||
r-release-windows-ix86+x86_64 | 3.0 | 140.00 | 81.00 | 221.00 | OK | |
r-oldrel-macos-x86_64 | 3.0 | NOTE | ||||
r-oldrel-windows-ix86+x86_64 | 3.0 | 140.00 | 75.00 | 215.00 | OK |
Version: 3.0
Check: installed package size
Result: NOTE
installed size is 10.2Mb
sub-directories of 1Mb or more:
libs 10.0Mb
Flavors: r-devel-linux-x86_64-fedora-clang, r-release-macos-x86_64, r-oldrel-macos-x86_64