Last updated on 2020-12-04 00:48:23 CET.
Flavor | Version | Tinstall | Tcheck | Ttotal | Status | Flags |
---|---|---|---|---|---|---|
r-devel-linux-x86_64-debian-clang | 0.2.2 | 9.01 | 73.00 | 82.01 | OK | |
r-devel-linux-x86_64-debian-gcc | 0.2.2 | 7.63 | 55.58 | 63.21 | OK | |
r-devel-linux-x86_64-fedora-clang | 0.2.2 | 100.54 | NOTE | |||
r-devel-linux-x86_64-fedora-gcc | 0.2.2 | 90.32 | NOTE | |||
r-devel-windows-ix86+x86_64 | 0.2.2 | 21.00 | 93.00 | 114.00 | OK | |
r-patched-linux-x86_64 | 0.2.2 | 7.50 | 69.75 | 77.25 | OK | |
r-patched-solaris-x86 | 0.2.2 | 127.30 | NOTE | |||
r-release-linux-x86_64 | 0.2.2 | 8.24 | 68.95 | 77.19 | OK | |
r-release-macos-x86_64 | 0.2.2 | NOTE | ||||
r-release-windows-ix86+x86_64 | 0.2.2 | 15.00 | 74.00 | 89.00 | OK | |
r-oldrel-macos-x86_64 | 0.2.2 | NOTE | ||||
r-oldrel-windows-ix86+x86_64 | 0.2.2 | 12.00 | 85.00 | 97.00 | OK |
Version: 0.2.2
Check: dependencies in R code
Result: NOTE
Namespace in Imports field not imported from: ‘mockery’
All declared Imports should be used.
Flavors: r-devel-linux-x86_64-fedora-clang, r-devel-linux-x86_64-fedora-gcc, r-patched-solaris-x86, r-release-macos-x86_64, r-oldrel-macos-x86_64