CRAN Package Check Results for Package gitgadget

Last updated on 2020-12-04 00:48:23 CET.

Flavor Version Tinstall Tcheck Ttotal Status Flags
r-devel-linux-x86_64-debian-clang 0.6.0 6.70 51.05 57.75 OK
r-devel-linux-x86_64-debian-gcc 0.6.0 6.23 39.69 45.92 OK
r-devel-linux-x86_64-fedora-clang 0.6.0 75.56 NOTE
r-devel-linux-x86_64-fedora-gcc 0.6.0 64.02 NOTE
r-devel-windows-ix86+x86_64 0.6.0 16.00 70.00 86.00 OK
r-patched-linux-x86_64 0.6.0 6.31 47.81 54.12 OK
r-patched-solaris-x86 0.6.0 95.30 NOTE
r-release-linux-x86_64 0.6.0 7.44 48.30 55.74 OK
r-release-macos-x86_64 0.6.0 NOTE
r-release-windows-ix86+x86_64 0.6.0 12.00 53.00 65.00 OK
r-oldrel-macos-x86_64 0.6.0 NOTE
r-oldrel-windows-ix86+x86_64 0.6.0 12.00 66.00 78.00 OK

Check Details

Version: 0.6.0
Check: dependencies in R code
Result: NOTE
    Namespace in Imports field not imported from: ‘shinyFiles’
     All declared Imports should be used.
Flavors: r-devel-linux-x86_64-fedora-clang, r-devel-linux-x86_64-fedora-gcc, r-patched-solaris-x86, r-release-macos-x86_64, r-oldrel-macos-x86_64