CRAN Package Check Results for Package gifski

Last updated on 2020-12-04 00:48:22 CET.

Flavor Version Tinstall Tcheck Ttotal Status Flags
r-devel-linux-x86_64-debian-clang 0.8.6 195.05 22.62 217.67 OK
r-devel-linux-x86_64-debian-gcc 0.8.6 142.52 17.55 160.07 OK
r-devel-linux-x86_64-fedora-clang 0.8.6 302.75 NOTE
r-devel-linux-x86_64-fedora-gcc 0.8.6 290.27 NOTE
r-devel-windows-ix86+x86_64 0.8.6 10.00 55.00 65.00 OK
r-patched-linux-x86_64 0.8.6 198.76 23.06 221.82 OK
r-release-linux-x86_64 0.8.6 197.53 22.94 220.47 OK
r-release-macos-x86_64 0.8.6 NOTE
r-release-windows-ix86+x86_64 0.8.6 10.00 43.00 53.00 OK
r-oldrel-macos-x86_64 0.8.6 NOTE
r-oldrel-windows-ix86+x86_64 0.8.6 9.00 55.00 64.00 OK

Check Details

Version: 0.8.6
Check: top-level files
Result: NOTE
    ‘configure’: ‘env bash’ is not portable as bash need not be installed
Flavors: r-devel-linux-x86_64-fedora-clang, r-devel-linux-x86_64-fedora-gcc

Version: 0.8.6
Check: installed package size
Result: NOTE
     installed size is 5.3Mb
     sub-directories of 1Mb or more:
     libs 5.2Mb
Flavors: r-release-macos-x86_64, r-oldrel-macos-x86_64