Last updated on 2020-12-04 00:48:22 CET.
Flavor | Version | Tinstall | Tcheck | Ttotal | Status | Flags |
---|---|---|---|---|---|---|
r-devel-linux-x86_64-debian-clang | 1.0.1 | 31.35 | 187.37 | 218.72 | OK | |
r-devel-linux-x86_64-debian-gcc | 1.0.1 | 25.11 | 135.32 | 160.43 | OK | |
r-devel-linux-x86_64-fedora-clang | 1.0.1 | 263.91 | NOTE | |||
r-devel-linux-x86_64-fedora-gcc | 1.0.1 | 254.86 | NOTE | |||
r-devel-windows-ix86+x86_64 | 1.0.1 | 51.00 | 225.00 | 276.00 | OK | |
r-patched-linux-x86_64 | 1.0.1 | 25.98 | 179.79 | 205.77 | OK | |
r-patched-solaris-x86 | 1.0.1 | 372.00 | NOTE | |||
r-release-linux-x86_64 | 1.0.1 | 29.60 | 177.47 | 207.07 | OK | |
r-release-macos-x86_64 | 1.0.1 | NOTE | ||||
r-release-windows-ix86+x86_64 | 1.0.1 | 40.00 | 169.00 | 209.00 | OK | |
r-oldrel-macos-x86_64 | 1.0.1 | NOTE | ||||
r-oldrel-windows-ix86+x86_64 | 1.0.1 | 37.00 | 214.00 | 251.00 | OK |
Version: 1.0.1
Check: dependencies in R code
Result: NOTE
Namespace in Imports field not imported from: ‘methods’
All declared Imports should be used.
Flavors: r-devel-linux-x86_64-fedora-clang, r-devel-linux-x86_64-fedora-gcc, r-patched-solaris-x86, r-release-macos-x86_64, r-oldrel-macos-x86_64
Version: 1.0.1
Check: data for non-ASCII characters
Result: NOTE
Note: found 11 marked UTF-8 strings
Flavors: r-devel-linux-x86_64-fedora-clang, r-devel-linux-x86_64-fedora-gcc, r-patched-solaris-x86, r-release-macos-x86_64, r-oldrel-macos-x86_64