CRAN Package Check Results for Package ggwordcloud

Last updated on 2020-12-04 00:48:22 CET.

Flavor Version Tinstall Tcheck Ttotal Status Flags
r-devel-linux-x86_64-debian-clang 0.5.0 23.92 169.11 193.03 OK
r-devel-linux-x86_64-debian-gcc 0.5.0 17.07 131.34 148.41 OK
r-devel-linux-x86_64-fedora-clang 0.5.0 253.47 NOTE
r-devel-linux-x86_64-fedora-gcc 0.5.0 245.65 NOTE
r-devel-windows-ix86+x86_64 0.5.0 57.00 238.00 295.00 OK
r-patched-linux-x86_64 0.5.0 19.77 163.36 183.13 OK
r-patched-solaris-x86 0.5.0 253.10 NOTE
r-release-linux-x86_64 0.5.0 19.34 161.02 180.36 OK
r-release-macos-x86_64 0.5.0 NOTE
r-release-windows-ix86+x86_64 0.5.0 48.00 188.00 236.00 OK
r-oldrel-macos-x86_64 0.5.0 NOTE
r-oldrel-windows-ix86+x86_64 0.5.0 53.00 242.00 295.00 OK

Check Details

Version: 0.5.0
Check: data for non-ASCII characters
Result: NOTE
     Note: found 203 marked UTF-8 strings
Flavors: r-devel-linux-x86_64-fedora-clang, r-devel-linux-x86_64-fedora-gcc, r-patched-solaris-x86, r-release-macos-x86_64, r-oldrel-macos-x86_64