CRAN Package Check Results for Package ggtern

Last updated on 2020-12-04 00:48:22 CET.

Flavor Version Tinstall Tcheck Ttotal Status Flags
r-devel-linux-x86_64-debian-clang 3.3.0 16.06 131.93 147.99 OK
r-devel-linux-x86_64-debian-gcc 3.3.0 14.68 98.47 113.15 OK
r-devel-linux-x86_64-fedora-clang 3.3.0 176.18 NOTE
r-devel-linux-x86_64-fedora-gcc 3.3.0 169.80 NOTE
r-devel-windows-ix86+x86_64 3.3.0 33.00 164.00 197.00 OK
r-patched-linux-x86_64 3.3.0 17.58 123.29 140.87 OK
r-patched-solaris-x86 3.3.0 215.80 NOTE
r-release-linux-x86_64 3.3.0 14.66 122.38 137.04 OK
r-release-macos-x86_64 3.3.0 NOTE
r-release-windows-ix86+x86_64 3.3.0 25.00 117.00 142.00 OK
r-oldrel-macos-x86_64 3.3.0 NOTE
r-oldrel-windows-ix86+x86_64 3.3.0 24.00 160.00 184.00 OK

Check Details

Version: 3.3.0
Check: dependencies in R code
Result: NOTE
    Namespace in Imports field not imported from: ‘hexbin’
     All declared Imports should be used.
Flavors: r-devel-linux-x86_64-fedora-clang, r-devel-linux-x86_64-fedora-gcc, r-patched-solaris-x86, r-release-macos-x86_64, r-oldrel-macos-x86_64

Version: 3.3.0
Check: Rd cross-references
Result: NOTE
    Undeclared package ‘chemometrics’ in Rd xrefs
Flavor: r-devel-linux-x86_64-fedora-clang