Last updated on 2020-12-04 00:48:22 CET.
Flavor | Version | Tinstall | Tcheck | Ttotal | Status | Flags |
---|---|---|---|---|---|---|
r-devel-linux-x86_64-debian-clang | 0.3.7 | 13.73 | 241.46 | 255.19 | OK | |
r-devel-linux-x86_64-debian-gcc | 0.3.7 | 10.82 | 171.28 | 182.10 | OK | |
r-devel-linux-x86_64-fedora-clang | 0.3.7 | 288.64 | NOTE | |||
r-devel-linux-x86_64-fedora-gcc | 0.3.7 | 281.86 | NOTE | |||
r-devel-windows-ix86+x86_64 | 0.3.7 | 24.00 | 284.00 | 308.00 | OK | |
r-patched-linux-x86_64 | 0.3.7 | 13.27 | 224.34 | 237.61 | OK | |
r-patched-solaris-x86 | 0.3.7 | 346.90 | NOTE | |||
r-release-linux-x86_64 | 0.3.7 | 12.73 | 221.35 | 234.08 | OK | |
r-release-macos-x86_64 | 0.3.7 | NOTE | ||||
r-release-windows-ix86+x86_64 | 0.3.7 | 22.00 | 220.00 | 242.00 | OK | |
r-oldrel-macos-x86_64 | 0.3.7 | NOTE | ||||
r-oldrel-windows-ix86+x86_64 | 0.3.7 | 23.00 | 300.00 | 323.00 | OK |
Version: 0.3.7
Check: dependencies in R code
Result: NOTE
Namespaces in Imports field not imported from:
‘dplyr’ ‘tibble’
All declared Imports should be used.
Flavors: r-devel-linux-x86_64-fedora-clang, r-devel-linux-x86_64-fedora-gcc, r-patched-solaris-x86, r-release-macos-x86_64, r-oldrel-macos-x86_64