Last updated on 2020-12-04 00:48:22 CET.
Flavor | Version | Tinstall | Tcheck | Ttotal | Status | Flags |
---|---|---|---|---|---|---|
r-devel-linux-x86_64-debian-clang | 1.2 | 13.02 | 105.88 | 118.90 | OK | |
r-devel-linux-x86_64-debian-gcc | 1.2 | 11.48 | 82.28 | 93.76 | OK | |
r-devel-linux-x86_64-fedora-clang | 1.2 | 151.71 | NOTE | |||
r-devel-linux-x86_64-fedora-gcc | 1.2 | 139.72 | NOTE | |||
r-devel-windows-ix86+x86_64 | 1.2 | 30.00 | 127.00 | 157.00 | OK | |
r-patched-linux-x86_64 | 1.2 | 9.52 | 99.07 | 108.59 | OK | |
r-patched-solaris-x86 | 1.2 | 208.60 | NOTE | |||
r-release-linux-x86_64 | 1.2 | 9.79 | 99.31 | 109.10 | OK | |
r-release-macos-x86_64 | 1.2 | NOTE | ||||
r-release-windows-ix86+x86_64 | 1.2 | 25.00 | 90.00 | 115.00 | OK | |
r-oldrel-macos-x86_64 | 1.2 | NOTE | ||||
r-oldrel-windows-ix86+x86_64 | 1.2 | 26.00 | 118.00 | 144.00 | OK |
Version: 1.2
Check: dependencies in R code
Result: NOTE
Namespaces in Imports field not imported from:
‘nomogramFormula’ ‘survival’
All declared Imports should be used.
Flavors: r-devel-linux-x86_64-fedora-clang, r-devel-linux-x86_64-fedora-gcc, r-patched-solaris-x86, r-release-macos-x86_64, r-oldrel-macos-x86_64