Last updated on 2020-12-04 00:48:22 CET.
Flavor | Version | Tinstall | Tcheck | Ttotal | Status | Flags |
---|---|---|---|---|---|---|
r-devel-linux-x86_64-debian-clang | 0.5.2 | 9.77 | 109.03 | 118.80 | OK | |
r-devel-linux-x86_64-debian-gcc | 0.5.2 | 8.16 | 80.61 | 88.77 | OK | |
r-devel-linux-x86_64-fedora-clang | 0.5.2 | 141.61 | NOTE | |||
r-devel-linux-x86_64-fedora-gcc | 0.5.2 | 130.00 | NOTE | |||
r-devel-windows-ix86+x86_64 | 0.5.2 | 18.00 | 135.00 | 153.00 | OK | |
r-patched-linux-x86_64 | 0.5.2 | 10.42 | 104.51 | 114.93 | OK | |
r-patched-solaris-x86 | 0.5.2 | 187.90 | NOTE | |||
r-release-linux-x86_64 | 0.5.2 | 9.22 | 101.82 | 111.04 | OK | |
r-release-macos-x86_64 | 0.5.2 | NOTE | ||||
r-release-windows-ix86+x86_64 | 0.5.2 | 15.00 | 99.00 | 114.00 | OK | |
r-oldrel-macos-x86_64 | 0.5.2 | NOTE | ||||
r-oldrel-windows-ix86+x86_64 | 0.5.2 | 17.00 | 138.00 | 155.00 | OK |
Version: 0.5.2
Check: data for non-ASCII characters
Result: NOTE
Note: found 6242 marked UTF-8 strings
Flavors: r-devel-linux-x86_64-fedora-clang, r-devel-linux-x86_64-fedora-gcc, r-patched-solaris-x86, r-release-macos-x86_64, r-oldrel-macos-x86_64